{"id":34,"date":"2018-06-14T09:06:03","date_gmt":"2018-06-14T09:06:03","guid":{"rendered":"http:\/\/wp.wolf-am-bahnhof.de\/?page_id=34"},"modified":"2018-06-14T09:06:03","modified_gmt":"2018-06-14T09:06:03","slug":"impressum","status":"publish","type":"page","link":"https:\/\/www.wolf-am-bahnhof.de\/?page_id=34","title":{"rendered":"Impressum"},"content":{"rendered":"<p><strong>Wolf am Bahnhof GmbH und Co. KG<br \/>\nMaxstra\u00dfe 31<br \/>\n90762 F\u00fcrth<\/strong><\/p>\n<p>Telefon: +49 911 772041<br \/>\nTelefax: +49 911 747819<br \/>\nE-Mail: info@wolf-am-bahnhof.de<br \/>\nInternet: www.wolf-am-bahnhof.de<\/p>\n<p>Pers\u00f6nlich haftende Gesellschafterin: HPC Verwaltung-GmbH (HRB 10063)<br \/>\nVertretungsberechtigter Gesch\u00e4ftsf\u00fchrer: Horst-Peter Wolf &amp; Cornelia Wolf<\/p>\n<p>Registergericht: Amtsgericht F\u00fcrth<br \/>\nRegisternummer: HRA 2609<\/p>\n<p>Zust\u00e4ndige Kammer: Handwerkskammer f\u00fcr Mittelfranken<br \/>\nBetriebsnummer: 0092605<br \/>\nBerufsbezeichnung: Handwerksmeister (verliehen in der Bundesrepublik Deutschland)<\/p>\n<p>Berufsrechtliche Regelungen: Handwerksordnung<\/p>\n<p>Haftungshinweis: Trotz sorgf\u00e4ltiger inhaltlicher Kontrolle \u00fcbernehmen wir keine Haftung f\u00fcr die Inhalte externer Links. F\u00fcr den Inhalt der verlinkten Seiten sind ausschlie\u00dflich deren Betreiber verantwortlich.<\/p>\n","protected":false},"excerpt":{"rendered":"<p>Wolf am Bahnhof GmbH und Co. KG Maxstra\u00dfe 31 90762 F\u00fcrth Telefon: +49 911 772041 Telefax: +49 911 747819 E-Mail: info@wolf-am-bahnhof.de Internet: www.wolf-am-bahnhof.de Pers\u00f6nlich haftende Gesellschafterin: HPC Verwaltung-GmbH (HRB 10063) Vertretungsberechtigter Gesch\u00e4ftsf\u00fchrer: Horst-Peter Wolf &amp; Cornelia Wolf Registergericht: Amtsgericht F\u00fcrth Registernummer: HRA 2609 Zust\u00e4ndige Kammer: Handwerkskammer f\u00fcr Mittelfranken Betriebsnummer: 0092605 Berufsbezeichnung: Handwerksmeister (verliehen in der <a href=\"https:\/\/www.wolf-am-bahnhof.de\/?page_id=34\" rel=\"nofollow\"><span class=\"sr-only\">Read more about Impressum<\/span>[&hellip;]<\/a><\/p>\n","protected":false},"author":1,"featured_media":0,"parent":0,"menu_order":0,"comment_status":"closed","ping_status":"closed","template":"","meta":[],"_links":{"self":[{"href":"https:\/\/www.wolf-am-bahnhof.de\/index.php?rest_route=\/wp\/v2\/pages\/34"}],"collection":[{"href":"https:\/\/www.wolf-am-bahnhof.de\/index.php?rest_route=\/wp\/v2\/pages"}],"about":[{"href":"https:\/\/www.wolf-am-bahnhof.de\/index.php?rest_route=\/wp\/v2\/types\/page"}],"author":[{"embeddable":true,"href":"https:\/\/www.wolf-am-bahnhof.de\/index.php?rest_route=\/wp\/v2\/users\/1"}],"replies":[{"embeddable":true,"href":"https:\/\/www.wolf-am-bahnhof.de\/index.php?rest_route=%2Fwp%2Fv2%2Fcomments&post=34"}],"version-history":[{"count":1,"href":"https:\/\/www.wolf-am-bahnhof.de\/index.php?rest_route=\/wp\/v2\/pages\/34\/revisions"}],"predecessor-version":[{"id":35,"href":"https:\/\/www.wolf-am-bahnhof.de\/index.php?rest_route=\/wp\/v2\/pages\/34\/revisions\/35"}],"wp:attachment":[{"href":"https:\/\/www.wolf-am-bahnhof.de\/index.php?rest_route=%2Fwp%2Fv2%2Fmedia&parent=34"}],"curies":[{"name":"wp","href":"https:\/\/api.w.org\/{rel}","templated":true}]}}